{"version":"1.0","type":"rich","provider_name":"La Gall\u00e9sie en F\u00eate","provider_url":"https:\/\/gallesie-monterfil.bzh","title":"Barzaz","author_name":"La Gall\u00e9sie en F\u00eate","width":"800","height":"450","url":"http:\/\/gallesie-monterfil.bzh\/fr\/barzaz-679","html":"\u003Ch4 class='title'\u003E\u003Ca href='http:\/\/gallesie-monterfil.bzh\/fr\/barzaz-679'\u003EBarzaz\u003C\/a\u003E\u003C\/h4\u003E\u003Cblockquote class='spip'\u003E\n\u003Cp\u003EBARZAZ fut r\u00e9v\u00e9l\u00e9 au public breton en 1989, avec la sortie d\u2019un disque qui reste un enregistrement marquant des ann\u00e9es 80\/90 en Bretagne. \n\u003Cbr class='autobr' \/\u003E\nReform\u00e9 en 2013, le groupe revint sur sc\u00e8ne pour une seconde p\u00e9riode cr\u00e9ative, h\u00e9las interrompue par le d\u00e9c\u00e8s de Yann-Fa\u00f1ch Kemener en 2019. Mais les musiciens de BARZAZ (Gilles Le Bigot, Jean-Michel Veillon, Alain Genty et David \u2018Hopi\u2019 Hopkins) d\u00e9cid\u00e8rent en Juin 2022 d\u2019inviter en concert l\u2019excellent chanteur Youenn Lange afin de rendre leur hommage \u00e0&nbsp;(\u2026)\u003C\/p\u003E\n\u003C\/blockquote\u003E\n"}

La Gallésie en Fête

<h4 class='title'><a href='http://gallesie-monterfil.bzh/fr/barzaz-679'>Barzaz</a></h4><blockquote class='spip'>
<p>BARZAZ fut révélé au public breton en 1989, avec la sortie d’un disque qui reste un enregistrement marquant des années 80/90 en Bretagne. 
<br class='autobr' />
Reformé en 2013, le groupe revint sur scène pour une seconde période créative, hélas interrompue par le décès de Yann-Fañch Kemener en 2019. Mais les musiciens de BARZAZ (Gilles Le Bigot, Jean-Michel Veillon, Alain Genty et David ‘Hopi’ Hopkins) décidèrent en Juin 2022 d’inviter en concert l’excellent chanteur Youenn Lange afin de rendre leur hommage à&nbsp;(…)</p>
</blockquote>
