{"version":"1.0","type":"rich","provider_name":"La Gall\u00e9sie en F\u00eate","provider_url":"https:\/\/gallesie-monterfil.bzh","title":"Championnats d&#8217;Ille-et-Vilaine des Sports Athl\u00e9tiques Bretons","author_name":"La Gall\u00e9sie en F\u00eate","width":"800","height":"450","url":"http:\/\/gallesie-monterfil.bzh\/fr\/championnats-d-ille-et-vilaine-des-sports-athletiques-bretons","html":"\u003Ch4 class='title'\u003E\u003Ca href='http:\/\/gallesie-monterfil.bzh\/fr\/championnats-d-ille-et-vilaine-des-sports-athletiques-bretons'\u003EChampionnats d&#8217;Ille-et-Vilaine des Sports Athl\u00e9tiques Bretons\u003C\/a\u003E\u003C\/h4\u003E\u003Cblockquote class='spip'\u003E\u003Cp\u003EInscription sur place ou par mail\u003C\/p\u003E\u003C\/blockquote\u003E\n"}

La Gallésie en Fête

Championnats d&#8217;Ille-et-Vilaine des Sports Athlétiques Bretons

<h4 class='title'><a href='http://gallesie-monterfil.bzh/fr/championnats-d-ille-et-vilaine-des-sports-athletiques-bretons'>Championnats d&#8217;Ille-et-Vilaine des Sports Athlétiques Bretons</a></h4><blockquote class='spip'><p>Inscription sur place ou par mail</p></blockquote>
