{"version":"1.0","type":"rich","provider_name":"La Gall\u00e9sie en F\u00eate","provider_url":"https:\/\/gallesie-monterfil.bzh","title":"Eris","author_name":"La Gall\u00e9sie en F\u00eate","width":"800","height":"450","url":"http:\/\/gallesie-monterfil.bzh\/fr\/eris","html":"\u003Ch4 class='title'\u003E\u003Ca href='http:\/\/gallesie-monterfil.bzh\/fr\/eris'\u003EEris\u003C\/a\u003E\u003C\/h4\u003E\u003Cblockquote class='spip'\u003E\n\u003Cp\u003ETrio rennais port\u00e9 par la voix a\u00e9rienne de Manna\u00efg Le Gu\u00e9vel, Eris fait le pari audacieux de fusionner influences traditionnelles de Haute-Bretagne et puissance des musiques actuelles amplifi\u00e9es. Il harmonise personnalit\u00e9s et instruments pour cr\u00e9er une exp\u00e9rience musicale mystique, qui transcende les genres et les diff\u00e9rences.\u003C\/p\u003E\n\u003C\/blockquote\u003E\n"}

La Gallésie en Fête

<h4 class='title'><a href='http://gallesie-monterfil.bzh/fr/eris'>Eris</a></h4><blockquote class='spip'>
<p>Trio rennais porté par la voix aérienne de Mannaïg Le Guével, Eris fait le pari audacieux de fusionner influences traditionnelles de Haute-Bretagne et puissance des musiques actuelles amplifiées. Il harmonise personnalités et instruments pour créer une expérience musicale mystique, qui transcende les genres et les différences.</p>
</blockquote>
