{"version":"1.0","type":"rich","provider_name":"La Gall\u00e9sie en F\u00eate","provider_url":"https:\/\/gallesie-monterfil.bzh","title":"La Gall\u00e9sie... allez-y en f\u00eate&nbsp;!","author_name":"La Gall\u00e9sie en F\u00eate","width":"800","height":"450","url":"http:\/\/gallesie-monterfil.bzh\/fr\/la-gallesie-allez-y-en-fete","html":"\u003Ch4 class='title'\u003E\u003Ca href='http:\/\/gallesie-monterfil.bzh\/fr\/la-gallesie-allez-y-en-fete'\u003ELa Gall\u00e9sie... allez-y en f\u00eate&nbsp;!\u003C\/a\u003E\u003C\/h4\u003E\u003Cblockquote class='spip'\u003E\n\u003Cp\u003ELes 28 et 29 juin, \u00e0 Monterfil, venez c\u00e9l\u00e9brer l\u2019arriv\u00e9e de l\u2019\u00e9t\u00e9 et d\u00e9jouer la morosit\u00e9 ambiante. \n\u003Cbr class='autobr' \/\u003E\n C\u2019est le message de notre affiche, color\u00e9e et bucolique \u00e0 souhait, l\u2019image d\u2019une nature souriante que la musique vient r\u00e9veiller. \n\u003Cbr class='autobr' \/\u003E\nComme le dit si bien notre amie conteuse Marie Chiff\u2019mine, &#171;&nbsp;la culture a moult graines et La Gall\u00e9sie les fait fleurir depuis toujours&nbsp;!&nbsp;&#187;. \u00c0 l\u2019or\u00e9e de Broc\u00e9liande, sous l\u2019\u0153il bienveillant des elfes et des f\u00e9es, on cultive aussi l\u2019amiti\u00e9 et l\u2019art de bien faire&nbsp;(\u2026)\u003C\/p\u003E\n\u003C\/blockquote\u003E\n"}

La Gallésie en Fête

La Gallésie... allez-y en fête&nbsp;!

<h4 class='title'><a href='http://gallesie-monterfil.bzh/fr/la-gallesie-allez-y-en-fete'>La Gallésie... allez-y en fête&nbsp;!</a></h4><blockquote class='spip'>
<p>Les 28 et 29 juin, à Monterfil, venez célébrer l’arrivée de l’été et déjouer la morosité ambiante. 
<br class='autobr' />
 C’est le message de notre affiche, colorée et bucolique à souhait, l’image d’une nature souriante que la musique vient réveiller. 
<br class='autobr' />
Comme le dit si bien notre amie conteuse Marie Chiff’mine, &#171;&nbsp;la culture a moult graines et La Gallésie les fait fleurir depuis toujours&nbsp;!&nbsp;&#187;. À l’orée de Brocéliande, sous l’œil bienveillant des elfes et des fées, on cultive aussi l’amitié et l’art de bien faire&nbsp;(…)</p>
</blockquote>
