{"version":"1.0","type":"rich","provider_name":"La Gall\u00e9sie en F\u00eate","provider_url":"https:\/\/gallesie-monterfil.bzh","title":"Le M\u00e9dia Breton","author_name":"La Gall\u00e9sie en F\u00eate","width":"800","height":"450","url":"http:\/\/gallesie-monterfil.bzh\/fr\/le-media-breton","html":"\u003Ch4 class='title'\u003E\u003Ca href='http:\/\/gallesie-monterfil.bzh\/fr\/le-media-breton'\u003ELe M\u00e9dia Breton\u003C\/a\u003E\u003C\/h4\u003E\u003Cblockquote class='spip'\u003E\n\u003Cp\u003ELe M\u00e9dia Breton vous propose une revue d\u2019actualit\u00e9, professionnelle et compl\u00e8te, couvrant toute l\u2019actualit\u00e9 des 5 d\u00e9partements bretons. Chaque matin, vous trouverez dans votre revue, re\u00e7ue par mail, toutes les informations essentielles de notre R\u00e9gion et de votre d\u00e9partement.\u003C\/p\u003E\n\u003C\/blockquote\u003E\n"}

La Gallésie en Fête

Le Média Breton

<h4 class='title'><a href='http://gallesie-monterfil.bzh/fr/le-media-breton'>Le Média Breton</a></h4><blockquote class='spip'>
<p>Le Média Breton vous propose une revue d’actualité, professionnelle et complète, couvrant toute l’actualité des 5 départements bretons. Chaque matin, vous trouverez dans votre revue, reçue par mail, toutes les informations essentielles de notre Région et de votre département.</p>
</blockquote>
