{"version":"1.0","type":"rich","provider_name":"La Gall\u00e9sie en F\u00eate","provider_url":"https:\/\/gallesie-monterfil.bzh","title":"Yeko","author_name":"La Gall\u00e9sie en F\u00eate","width":"800","height":"450","url":"http:\/\/gallesie-monterfil.bzh\/fr\/yeko","html":"\u003Ch4 class='title'\u003E\u003Ca href='http:\/\/gallesie-monterfil.bzh\/fr\/yeko'\u003EYeko\u003C\/a\u003E\u003C\/h4\u003E\u003Cblockquote class='spip'\u003E\n\u003Cp\u003EAlors que l\u2019\u00e9poque est marqu\u00e9e par le repli identitaire, les fusions culturelles de YEKO, entre le nord et le sud, se cr\u00e9ent naturellement. N\u00e9 d\u2019un album carnet de voyage en Afrique de l\u2019Ouest du guitariste Breton Yohann Le Ferrand, YEKO s\u2019est vu propuls\u00e9 sur sc\u00e8ne pour leur 1er concert suite \u00e0 l\u2019invitation d\u2019Arte \u00e0 se produire aux &#171;&nbsp;Concerts Volants&nbsp;&#187;. C\u2019est la rencontre avec la chanteuse malienne Socha qui cristallise la formule live. \n\u003Cbr class='autobr' \/\u003E\nDes rues de Timbuktu s\u2019envole une brise m\u00e9lodique,&nbsp;(\u2026)\u003C\/p\u003E\n\u003C\/blockquote\u003E\n"}

La Gallésie en Fête

<h4 class='title'><a href='http://gallesie-monterfil.bzh/fr/yeko'>Yeko</a></h4><blockquote class='spip'>
<p>Alors que l’époque est marquée par le repli identitaire, les fusions culturelles de YEKO, entre le nord et le sud, se créent naturellement. Né d’un album carnet de voyage en Afrique de l’Ouest du guitariste Breton Yohann Le Ferrand, YEKO s’est vu propulsé sur scène pour leur 1er concert suite à l’invitation d’Arte à se produire aux &#171;&nbsp;Concerts Volants&nbsp;&#187;. C’est la rencontre avec la chanteuse malienne Socha qui cristallise la formule live. 
<br class='autobr' />
Des rues de Timbuktu s’envole une brise mélodique,&nbsp;(…)</p>
</blockquote>
