{"version":"1.0","type":"rich","provider_name":"La Gall\u00e9sie en F\u00eate","provider_url":"https:\/\/gallesie-monterfil.bzh","title":"Brou Hamon Quimbert","author_name":"La Gall\u00e9sie en F\u00eate","width":"800","height":"450","url":"https:\/\/gallesie-monterfil.bzh\/fr\/brou-hamon-quimbert-707","html":"\u003Ch4 class='title'\u003E\u003Ca href='https:\/\/gallesie-monterfil.bzh\/fr\/brou-hamon-quimbert-707'\u003EBrou Hamon Quimbert\u003C\/a\u003E\u003C\/h4\u003E\u003Cblockquote class='spip'\u003E\n\u003Cp\u003EMonterfil sera un moment important pour le trio puisque cette date marquera le retour de BHQ sur sc\u00e8ne apr\u00e8s quelques ann\u00e9es d\u2019absence. \n\u003Cbr class='autobr' \/\u003E\nAller voir Brou Hamon Quimbert (ou BHQ pour les intimes) en fest noz, c\u2019est \u00eatre s\u00fbr de retrouver l\u2019\u00e9nergie et la sensibilit\u00e9 de trois grands solistes de Haute-Bretagne au service de la danse et des danseurs. \n\u003Cbr class='autobr' \/\u003E\nMont da welet Brou Hamon Quimbert (pe BHQ evit ar re nesa\u00f1) er festo\u00f9-noz, eo beza\u00f1 sur adkavout energiezh ha kizidigezh tri kaner bras eus Breizh-Izel a servij&nbsp;(...)\u003C\/p\u003E\n\u003C\/blockquote\u003E\n"}

La Gallésie en Fête

<h4 class='title'><a href='https://gallesie-monterfil.bzh/fr/brou-hamon-quimbert-707'>Brou Hamon Quimbert</a></h4><blockquote class='spip'>
<p>Monterfil sera un moment important pour le trio puisque cette date marquera le retour de BHQ sur scène après quelques années d’absence. 
<br class='autobr' />
Aller voir Brou Hamon Quimbert (ou BHQ pour les intimes) en fest noz, c’est être sûr de retrouver l’énergie et la sensibilité de trois grands solistes de Haute-Bretagne au service de la danse et des danseurs. 
<br class='autobr' />
Mont da welet Brou Hamon Quimbert (pe BHQ evit ar re nesañ) er festoù-noz, eo bezañ sur adkavout energiezh ha kizidigezh tri kaner bras eus Breizh-Izel a servij&nbsp;(...)</p>
</blockquote>
