{"version":"1.0","type":"rich","provider_name":"La Gall\u00e9sie en F\u00eate","provider_url":"https:\/\/gallesie-monterfil.bzh","title":"Drache","author_name":"La Gall\u00e9sie en F\u00eate","width":"800","height":"450","url":"https:\/\/gallesie-monterfil.bzh\/fr\/drache","html":"\u003Ch4 class='title'\u003E\u003Ca href='https:\/\/gallesie-monterfil.bzh\/fr\/drache'\u003EDrache\u003C\/a\u003E\u003C\/h4\u003E\u003Cblockquote class='spip'\u003E\n\u003Cp\u003EMusique bretonne \u00e0 danser et \u00e0 \u00e9couter, apparitions occitanes. \n\u003Cbr class='autobr' \/\u003E\n Avec Drache,&#171;&nbsp;il pleut descordes&nbsp;&#187; &mdash; Eva Cloteau au violoncelle - chant et Morgane Labbe \u00e0 la contrebasse \u2013 chant, s\u2019emparent du r\u00e9pertoire Haut-Breton pour un duo organique et enivrant de musique bretonne \u00e0 danser et \u00e0 \u00e9couter, teint\u00e9 de quelques apparitions occitanes. Les voix sonnent, se r\u00e9pondent, r\u00e9sonnent, et r\u00e9pondent \u00e0 nouveau, comme un jeu avec la mati\u00e8re et ses&nbsp;(...)\u003C\/p\u003E\n\u003C\/blockquote\u003E\n"}

La Gallésie en Fête

<h4 class='title'><a href='https://gallesie-monterfil.bzh/fr/drache'>Drache</a></h4><blockquote class='spip'>
<p>Musique bretonne à danser et à écouter, apparitions occitanes. 
<br class='autobr' />
 Avec Drache,&#171;&nbsp;il pleut descordes&nbsp;&#187; &mdash; Eva Cloteau au violoncelle - chant et Morgane Labbe à la contrebasse – chant, s’emparent du répertoire Haut-Breton pour un duo organique et enivrant de musique bretonne à danser et à écouter, teinté de quelques apparitions occitanes. Les voix sonnent, se répondent, résonnent, et répondent à nouveau, comme un jeu avec la matière et ses&nbsp;(...)</p>
</blockquote>
