{"version":"1.0","type":"rich","provider_name":"La Gall\u00e9sie en F\u00eate","provider_url":"https:\/\/gallesie-monterfil.bzh","title":"Gwen Dayot &amp; Job Defernez","author_name":"La Gall\u00e9sie en F\u00eate","width":"800","height":"450","url":"https:\/\/gallesie-monterfil.bzh\/fr\/gwen-dayot-job-defernez","html":"\u003Ch4 class='title'\u003E\u003Ca href='https:\/\/gallesie-monterfil.bzh\/fr\/gwen-dayot-job-defernez'\u003EGwen Dayot &amp; Job Defernez\u003C\/a\u003E\u003C\/h4\u003E\u003Cblockquote class='spip'\u003E\n\u003Cp\u003EBient\u00f4t 50 ans de complicit\u00e9 musicale... On a eu envie de marquer le coup. Entour\u00e9s d\u2019ami.e.s qui chantent ou font de la musique, on a c\u00e9d\u00e9 \u00e0 la tentation de faire un CD \u00e0 notre image. Bourdonnant \u00e0 souhait. Foisonnant de marches et de m\u00e9lodies comme on les aime. \n\u003Cbr class='autobr' \/\u003E\nOnt collabor\u00e9 \u00e0 &#171;&nbsp;L\u2019envol des bourdons&nbsp;&#187;&nbsp;: Ga\u00eblle Dubois, Nanou Mesnil, Jil L\u00e9hard, Sylvain Girault, Matthieu Hamon et Charles Quimbert (chant)&nbsp;; Mathilde Chevrel (violoncelle), Janick Martin (accord\u00e9on diatonique), Gilles Le Bigot (guitares),&nbsp;(...)\u003C\/p\u003E\n\u003C\/blockquote\u003E\n"}

La Gallésie en Fête

<h4 class='title'><a href='https://gallesie-monterfil.bzh/fr/gwen-dayot-job-defernez'>Gwen Dayot &amp; Job Defernez</a></h4><blockquote class='spip'>
<p>Bientôt 50 ans de complicité musicale... On a eu envie de marquer le coup. Entourés d’ami.e.s qui chantent ou font de la musique, on a cédé à la tentation de faire un CD à notre image. Bourdonnant à souhait. Foisonnant de marches et de mélodies comme on les aime. 
<br class='autobr' />
Ont collaboré à &#171;&nbsp;L’envol des bourdons&nbsp;&#187;&nbsp;: Gaëlle Dubois, Nanou Mesnil, Jil Léhard, Sylvain Girault, Matthieu Hamon et Charles Quimbert (chant)&nbsp;; Mathilde Chevrel (violoncelle), Janick Martin (accordéon diatonique), Gilles Le Bigot (guitares),&nbsp;(...)</p>
</blockquote>
